
Evaluate 3 - (-2 + 17) - -3 - (-181 + 189).
-17
Calculate (34 - (-19 - (-16 - 29))) + 4.
12
What is the value of 7 - (7 + (35 - 12))?
-23
9 + -139 + 62 - -38
-30
7 + (5 - (-6 - -11)) + (-18 - (14 - 27))
2
What is the value of -1 + -27 + 33 - (4 + -2 + (-9 - -3))?
9
(-108 - (-106 - -91)) + 65
-28
(17 - (3 + -4) - 20) + 4
2
Evaluate -16 + -1 + (82 - (117 + -31)) + 14.
-7
What is -18 - (-30 - -99) - (-1 + (-8 - -5) + -8)?
-75
What is the value of (-3 - -3) + (-2 - 1 - (-27 + 14))?
10
What is -71 + (73 - 75 - -26)?
-47
Calculate 5 + (15 - (3 + 3)) + -18 + -10.
-14
What is (1 - -5) + 1 + (29 - (-4 - -37)) + -74?
-71
What is the value of 20 - (0 - (12 - (22 + -34)))?
44
What is (-99 - (-23 + 9)) + 40 - (-22 + 1)?
-24
What is the value of -49 + 2 + (7 + 6 - 2 - 0)?
-36
What is the value of -6 - (6 + -4 + (46 - (25 + 2 - 10)))?
-37
What is the value of -36 + -9 - (-149 - -75)?
29
Calculate -31 + -60 + 285 + -70.
124
What is 57 - ((-9 - (7 - (-8 - -9))) + 9 - -11)?
52
(-31 - -16) + -10 + 1 + 22 - (-36 - -1)
33
What is the value of (15 - 2) + (-5 - (-4 + 2))?
10
Evaluate -2 + -1 - (-29 - -41 - -1).
-16
77 - (-115 + 61 + 90)
41
What is -56 - (20 + (-20 - 3))?
-53
Calculate -36 + (97 - 70) + -65.
-74
What is the value of -93 - ((4 - 3) + (-166 - -177))?
-105
Evaluate -3 + (2 - -33 - (4 + 3 - 6)) - 6.
25
What is 61 - (33 + -21) - 21?
28
Evaluate (78 + 1 - 47) + (-4 + (-2 - -3) - 1).
28
What is the value of (0 - 79) + -9463 + 9524?
-18
-76 + 82 - (-1 - 3 - -22) - 15
-27
What is the value of -61 + 23 + -4 - -1?
-41
What is the value of -3 - (49 - 20) - -14?
-18
What is the value of -15 - (-164 - -125 - (7 + 39))?
70
Evaluate (-7 + 1 - 1) + (-41719 - -41683).
-43
Evaluate (0 - 12) + 5 - (11 - 66) - 8.
40
-22 - (-7 + 37 + (-28 - -17) - -4)
-45
What is -16 + -15 - -97 - 76?
-10
What is 2 + -1 + 2 - (28 + -34 + 5) - -28?
32
Calculate -52 - (0 + (-7 - (-17 - 1) - 15)).
-48
(1 - -2) + (-49 + 12 + -5 - 1) + -1
-41
Calculate -13 - (-3 - 0) - (38 + (-94 - -46)).
0
-25 + -16 + (22 - 22)
-41
(10 + -2 - -33) + (1 - -9) + -2
49
Evaluate -103 + -50 + 31 - -84.
-38
(18 - 8 - -8) + (-13 - ((13 - 4) + -12))
8
What is the value of -1 + 3 - 20 - ((-43 - -50) + -14)?
-11
What is the value of 25 - ((-7 - -13) + -27)?
46
Evaluate -27 + (2 - (-13 + (1 - (-9 - 4)))).
-26
Evaluate -11 + -49 + -4 + -4 + 14 + -16.
-70
-43 + -4 - ((-5 - -15) + -12)
-45
Evaluate -21 - (36 - 45) - -129 - 4.
113
Evaluate (-1 - -5) + 68 + -58 + -11.
3
What is 16 + (-10 - -6) + (36 - 47) + -40?
-39
Evaluate (3 + -4 + -1 - (118 - 116)) + 24.
20
Evaluate -4 + -113 + (7 - (-12 - 7)).
-91
What is the value of (2 - 1) + -24 - (1116 - 1122)?
-17
Calculate 8 - (10 + -10 + 5 - 8 - (-172 - -186)).
25
Calculate (79 - -10 - 5) + -120.
-36
-1 + (-168 + 164 - (3 + -18))
10
What is 4 + (4 - -1) + (-4 - -3) + (9 - 4)?
13
What is (30 + -44 - 11) + 8?
-17
What is -11 - (-6 - 5) - 1 - 27 - -10?
-18
-8 - (-117 - -49 - -3)
57
What is the value of -34 + -50 - -6 - (10 - -4 - 5)?
-87
What is the value of 12 - (215 + -92 + -13)?
-98
What is -289 + -8 + -61 + 228?
-130
19 + 21 + -24 - (1 + -5 + 4 - 5)
21
Calculate 2 - 3 - (-6 + -3 + 15) - 3.
-10
What is the value of -89 + -2 + 4 - (-45 - (26 - 56))?
-72
What is the value of -79 - (92 + -166) - (1 - 16)?
10
Evaluate 11 + (-7 - -78 - 101).
-19
What is the value of (139 - (24 + (31 - 33))) + -25?
92
Evaluate (-23 - (1 + -6)) + 0 + (8 - 0 - -1).
-9
Calculate 46 - (10 + (0 - 3)) - (42 + -34).
31
27 + -2 - 3 - (-103 + 24 + -4)
105
Evaluate 1071 + -1040 - (13 - (2 + 0)).
20
Calculate (42 - (-16 + 27)) + (0 - 64).
-33
Calculate 285 - 327 - (0 - -23).
-65
17 - (11 + -6 + -218 + 86)
144
What is (-27 - -61) + -78 + 71?
27
What is the value of 23 + (-56 - -3) + 30?
0
What is the value of (-220 - -158 - (18 + 3 + -1)) + (-2 - -1)?
-83
Evaluate -20 + (-2 - 1) + -743 + 743.
-23
121 + -3 + (0 - (8 + -3 - (16 - 12)))
117
Evaluate 98 + 9 - (114 + -82).
75
What is (-10 - -33 - 15) + (-35 - ((-2 - 5) + 12))?
-32
(-49 - -16) + 34 + 2 + 3
6
Calculate -34 - (657 + -622 + (-21 - 2)).
-46
What is (-1101 - -1024) + 43 + -1?
-35
What is 3 + 2 + -4 + 2 + 154 + -175 + -1?
-19
Calculate (4 - ((-748 - -747) + (1 - 1 - -27))) + -3.
-25
What is the value of (-3 - -63) + (-403 - -339)?
-4
Calculate 4 + (10 + -1 - -15 - 7).
21
Evaluate -8 + 0 + (47 - -16) + 11 + -16 + -4.
46
What is 4 - 56 - (-21 + 14 + 2 + 19 + -28)?
-38
Evaluate -91 - (-7 + (6 + -8 - 1)) - -14.
-67
What is 11 + (-13 + 32 - 25) - -21?
26
What is the value of (-64 - -34 - -157) + -30 - (-1 - -5)?
93
Calculate (245 - 241) + -10 + (3 - (-1 - 1)) + -77.
-78
Evaluate -55 + 63 - (44 - -5).
-41
Evaluate -20 + 0 + -611 + 580.
-51
Evaluate (-17 - 5) + 35 + -5 + -47.
-39
Calculate 35 - -57 - (30 - (8 + -4)) - -20.
86
Evaluate -112 - (23 + -16 + (10 + -23 - -23)).
-129
What is the value of 38 + (3 - (22 + -14)) + (12 - 7) - -3?
41
What is the value of -14 + (1 - 8) + 29 + (13 - 34)?
-13
Evaluate -2 + -10 + (-200 + 197 - (-1 + -78)).
64
What is the value of -765 + 762 - (26 - -1) - -24?
-6
What is (-25 - -3) + 32 - -45 - 1?
54
What is the value of -2 + 43 + (1 - 5) + 6?
43
What is the value of 28 + (-16 - (-36 - -43 - 15))?
20
What is 9 - (-11 + -7 + 4 - -7 - -22 - 10)?
4
Calculate 57 + (-57 - -16) + -56.
-40
What is 192 + -207 + (-1 + 20 - (-13 - -11))?
6
(17 + 1 - (-66 + 107)) + 22
-1
Calculate 25 + 16 - (442 - 474).
73
Calculate -36 - -35 - (86 - 46).
-41
Calculate -1 + -16 - (-14 + 39 - 33) - (0 + 17).
-26
Calculate (1 - 1) + -66 + 157 + -47.
44
What is -32 + (0 - 9) + (-4 - (5 + -5))?
-45
What is (-1 - 14) + (21 - 9) - (2 + -38)?
33
What is the value of (4 - ((0 - 2) + 31)) + 8 + (-6 - 6)?
-29
What is the value of -1 + 29 + 74 + (-77 - -4)?
29
What is -35 + (26 + 76 - 43) + -66?
-42
What is the value of (-9 - ((19 - 16) + 1) - -11) + 95?
93
Evaluate -1 - (-5 + 1) - 8 - (10 + 7 + 12).
-34
Calculate -2 + -74 - (-7 + -6 + 29 + -13).
-79
Evaluate 23 + (2 - 1) + (-24 - 12).
-12
What is 100 - ((80 - -149) + 6)?
-135
Calculate 105 - (-14 + 113) - (1 + (-37 - 1)) - 9.
34
Calculate -35 + 17 + (-34 - -50).
-2
What is 12 + (51 - 44) + 14?
33
Evaluate 2 + -9 - (-334 + 292).
35
What is the value of -25 - -3 - (-197 + 177) - -49?
47
(32 - -2) + (-1 - 1) + (-1246 - -1256)
42
(47 - (38 - -2)) + 18
25
Evaluate 29 - (-65 + 54 + 15).
25
What is 7074 + -7058 + (2 + 0 + -2 - -1)?
17
Evaluate -74 + -11 + (-256 - -258).
-83
What is -30 - (-5 + -17) - (5 + (1 - -10))?
-24
Evaluate (-13 - (1 + -8)) + 7 + (-2 - -30) + -5.
24
Evaluate -4 + 1 - (-131 + 153) - 22.
-47
Calculate -16 - ((-12 - 5) + 29) - -4 - -19.
-5
What is (1 - -21) + 155 + (-204 - -74)?
47
Calculate -14 + (47 - (0 + -23) - 0).
56
What is -55 - -62 - -75 - 20?
62
Calculate -38 - ((24 + -10 - -17) + -74).
5
Evaluate -5 - (-10 + -14) - 4 - (-15 - -13) - 6.
11
Evaluate 22 + (-16 - 10) + 2 - (-51 + -3).
52
(-8 + -13 + 1 - 4) + 15
-9
Evaluate (39 - -20) + 7 + -70.
-4
What is the value of -48 + 70 + -66 - (10 - 17)?
-37
What is the value of -17 + (-46 + 91 - 70)?
-42
Calculate (2 + -1 + -4 - -15 - -5) + -9 + -46.
-38
Evaluate (383 - 371) + -38 + 0.
-26
24 + -45 + 0 - ((6 - 0) + 25)
-52
Calculate (7 - ((23 + -50 - -20) + (2 - -5))) + -78.
-71
Evaluate (4 - (-15 - -35)) + -17 + 5 + -12.
-40
What is the value of 132 - ((-8 - -1) + -27 + 138 + -92)?
120
What is -7 + 11 + (-4 - 14) - -15 - 32?
-31
Evaluate -8 + ((4 - 2) + -9 - (-82 + 68)).
-1
34 + -4 - ((14 - 37 - -15) + 8)
30
Evaluate 29 + -54 - -12 - -35.
22
What is 10 - (80 - (-96 - -129))?
-37
What is 23 - (36 + -25 + 90) - 7?
-85
What is -61 - -55 - -18 - (-6 + (102 - 7))?
-77
Evaluate 34 + (-3 - (4 + 11)) + 11.
27
-8 - (-109 + -21 + -8 + 33 + -11)
108
Evaluate -51 - (-33 + -11) - -4.
-3
Evaluate 34 + (-118 - -2 - (861 + -867)).
-76
Calculate -22 + (63 - 42) + 27.
26
Evaluate -11 + 10 + (-1 - 3) + (165 - 104).
56
(42 + 16 - 39) + 0 + -3 + (12 - 3)
25
What is 27 - (1 + (-2 - 11) + -9 - -7)?
41
What is 4 + 7 + (-13 - (-51 - -20))?
29
What is -52 + (19 + 101 - 63)?
5
Calculate (-134 - (-41 - -35)) + -8 - (-2 - -4 - 12).
-126
35 + -51 + 8 + 38
30
Evaluate (-2193 - -2256) + -89 + -4.
-30
-5 - (-1 - (-1 + -1)) - 0 - (1347 + -1409)
56
What is -22 - (-13 + -25) - -1?
17
What is (21 - (53 + -4)) + 60?
32
-66 + -1 + 8499 + -8472
-40
What is the value of 66 - (2 - 0) - (-76 + 